u - 9 = 0, -u + 137 = 5*t + 2*u. Calculate the remainder when 72 is divided by t.
22
Let a be (6/5)/(28/70). Calculate the remainder when 13 is divided by 8 + (-2 + 1 - a).
1
Let t be ((-2)/(-5))/(1/5). Suppose -6*y + t*y = f - 24, y - 4*f = 23. Suppose y*v = 2*v + 95. Calculate the remainder when 36 is divided by v.
17
Let k(u) = u**3 - 11*u**2 - 11*u + 2. What is the remainder when 109/2 + (-2)/4 is divided by k(12)?
12
Let c = -2 - -11. Let g(n) = n - 2. Let t be g(c). Suppose 4 = -h + t. Calculate the remainder when 10 is divided by h.
1
Let n = 1 + -5. Let d(j) = -6*j - 5. Let q be d(n). Let c = -9 + q. Calculate the remainder when c is divided by 6.
4
Let g(h) = h**2 - 5*h - 7. Suppose 5*r = 4*y + 73 - 22, 0 = 2*y - 2. Let c(b) = b**2 + 4*b + 8. What is the remainder when g(r) is divided by c(-6)?
19
Let s(r) = r**2 + 3 + 5*r - 2 + 1 - 1. Calculate the remainder when s(-9) is divided by 19.
18
Let l(c) = 5*c. Let k be l(-1). Let y = k + 28. Let n = 5 - -7. What is the remainder when y is divided by n?
11
Suppose j - 82 = i, -2*j + 8*i = 3*i - 152. What is the remainder when j is divided by 22?
20
Suppose 7*a + 0*a = 70. What is the remainder when 765/20 - 2/8 is divided by a?
8
Suppose 0 = -4*z + b - 106, -18 = z - 2*b + 12. Let r = 44 + z. What is the remainder when 32 is divided by r?
14
Suppose 0 = z - v - 19, -4*z + 3*v + 4 = -77. Let w = 11 - -2. What is the remainder when z is divided by w?
11
Suppose 13*g - 135 = -2*g. Calculate the remainder when g is divided by 32/6 - (-2)/(-6).
4
Let n(g) = -g**3 - 4*g**2 + 4*g + 4. Let w be n(-5). Suppose -x + w = -2*j, 0 = 2*x + 6*j - j. Calculate the remainder when 14 is divided by x.
4
Let a(x) = x**3 - 4*x**2 - x + 2. Let u be a(3). Let c(o) = -o**2 - 12*o - 13. What is the remainder when 25 is divided by c(u)?
4
What is the remainder when 83 is divided by 6/21 - (-870)/42?
20
Suppose 72 = -a + 143. What is the remainder when a is divided by (-19*1 + 1)/(-1)?
17
Let k(a) = -14*a - 9. Let r = 13 + 13. What is the remainder when k(-6) is divided by r?
23
Suppose 5 = y + 12. Calculate the remainder when 37 is divided by y/(-14) - (-25)/2.
11
Let h be (-2)/(0 - 2/100). Suppose 4*y = -4*v + h, -3*v + v - 37 = -y. Suppose -2*q + 40 = 2*q. What is the remainder when y is divided by q?
9
Let i(v) = -11*v - 4. Suppose 0 = 5*y - l - 4*l - 15, 3*y + 3*l = 3. Suppose -34 = 4*m + 3*n - 13, 6 = -y*n. What is the remainder when i(m) is divided by 10?
9
Suppose 4*d - 28 = -2*i, i + 9 = 4*i - 5*d. Calculate the remainder when 21 is divided by i.
5
Let r(l) = -l**2 + 2*l - 3. Let g be r(2). What is the remainder when 13 is divided by (24/(6 + g))/1?
5
Suppose -2*b + 2 = 3*s, 0 = -2*s + 1 - 9. Calculate the remainder when 18 is divided by b.
4
Suppose -4*s + s + 30 = 0. Let k be (-11)/4 + 15/20. Let d = s + k. What is the remainder when d is divided by 3?
2
Suppose -8 = 3*c - 5*q + 1, -10 = c - 4*q. Suppose -c*x = 3*x - 35. What is the remainder when ((-26)/3)/((-24)/36) is divided by x?
6
Let a(q) = q + 17. What is the remainder when 9 is divided by a(-14)?
0
Suppose -5*g - 5*u = -90, -g - 2*u + 15 = -0. Calculate the remainder when g is divided by 8.
5
Suppose -2*s + 4 = -0. Let g(z) = 1 - s*z + 4*z - 5. What is the remainder when g(7) is divided by 6?
4
Suppose -67 + 17 = -2*b. Let l = -1 - -14. What is the remainder when b is divided by l?
12
Suppose 3*z = 4 + 11. Suppose c + 0*c - 41 = -z*p, -21 = -c + 5*p. What is the remainder when c is divided by 1 - 1 - (-22)/2?
9
Suppose -5*h + 75 + 15 = 0. Calculate the remainder when 9 is divided by h/(-6) + 8*1.
4
Let b be (-4)/6 - (-364)/(-12). Suppose 2*t - 27 = 5*t. Let q = t - b. Calculate the remainder when q is divided by 8.
6
Suppose 4*y + 32 = 3*y. Let z = -11 - y. Calculate the remainder when 82 is divided by z.
19
Let s = -11 - -2. Let u = s + 5. Calculate the remainder when 41 is divided by 27/2 + (-2)/u.
13
Suppose 2*q - q = 3. Suppose 0 = -2*x - q*x + 55. Calculate the remainder when 30 is divided by x.
8
Let p be (-10)/2*12/(-10). Suppose 32 = 2*a + p. Calculate the remainder when 38 is divided by a.
12
Suppose -3*t + 7 = -14. What is the remainder when (3/9)/((-2)/(-78)) is divided by t?
6
Let v be (-5)/1 + 0/(-5). Let q = 16 - 0. Calculate the remainder when q is divided by 14/2 + 7 + v.
7
Let o = 42 + -33. What is the remainder when 15 is divided by o?
6
Suppose 0*s + 4*s - 48 = 5*t, 0 = s + 5*t + 13. Let b = 13 + -2. Let i = b - 7. Calculate the remainder when s is divided by i.
3
Let j = -10 + 12. Suppose -j*f - 65 = -7*f. Calculate the remainder when 36 is divided by f.
10
Suppose -3*q + 5*v - 2*v = -36, -20 = 5*v. Let c be 44/(-4) - (1 - 4). What is the remainder when 23 - (-2)/c*0 is divided by q?
7
Let n(v) = v**2 - 5*v - 4. What is the remainder when 33 is divided by n(-3)?
13
Let s = 50 - 18. Let l = s - 7. Suppose -l = 2*x - 85. Calculate the remainder when x is divided by 8.
6
Suppose 0 = x + x + 2*k - 70, 4*x - k = 115. What is the remainder when 118 is divided by x?
28
Let b = -11 + 21. Let r(v) = -5*v**3 - 2*v**2 - v + 2. Calculate the remainder when r(-2) is divided by b.
6
Calculate the remainder when (8 + 168/10)/((-2)/(-5)) is divided by 9.
8
Let x(i) = -2*i + 47. Calculate the remainder when 12 is divided by x(19).
3
Suppose z + 0*z - 2 = 0. Let x(w) = w**3 - 7*w**2 + 6. Let h be x(7). Let y = 7 - h. Calculate the remainder when z is divided by y.
0
Let q = -113 + 121. Calculate the remainder when 13 is divided by q.
5
Suppose 42 = 6*f - 6. Suppose 2*t - f = -0*t. Calculate the remainder when 6 is divided by t.
2
Let h(x) = -x - 5. Let z = 4 - 0. Calculate the remainder when h(-10) is divided by 4/3*6/z.
1
Suppose 15 - 11 = 2*j. Calculate the remainder when (1 - j)/(3/(-363)) is divided by 31.
28
Suppose u = -u. Suppose -4*v - z + 4 - 53 = 0, u = -v - z - 13. What is the remainder when 46 is divided by (-3)/v + (-126)/(-8)?
14
Suppose 5*g = 8*g - 174. What is the remainder when g is divided by 12?
10
Let u = -363 + 244. Let x = -74 - u. Calculate the remainder when x is divided by 8.
5
Let k = -22 + 40. What is the remainder when k is divided by 42/(-48)*(7 - 15)?
4
Suppose 2*j - 3*j + 6 = 0. Suppose 0 = -5*b + 2*b + j. Suppose -15 + b = -4*a - y, 4*a + 5*y = 1. What is the remainder when 13 is divided by a?
1
Suppose 114 = 4*p - 242. Calculate the remainder when p is divided by 24.
17
Let q = 15 + 22. What is the remainder when q is divided by -2*((-123)/18 - (-1)/3)?
11
Suppose -5*n + 65 + 45 = 0. Suppose 5*b - 115 = -30. Let u = b + -5. What is the remainder when n is divided by u?
10
Suppose 22 + 30 = 4*c. Suppose 0 = -20*k + 24*k - 200. What is the remainder when k is divided by c?
11
Suppose 6*i = i + 925. Let y = -53 + i. Suppose -y + 4 = -4*d. What is the remainder when d is divided by 11?
10
Suppose -5*f + 145 = -3*l, -2 = -2*f + l + 55. Calculate the remainder when f is divided by 17.
9
Let y = 8 + 22. Let q = y + -7. What is the remainder when q is divided by 8?
7
Let f = 0 + 2. What is the remainder when f/(-8) + (-122)/(-8) is divided by 8?
7
Let g(s) = 26*s**2 - 8*s + 10. Calculate the remainder when g(2) is divided by 25.
23
Suppose 0 = 5*t - 22 - 88. Calculate the remainder when t is divided by 6.
4
Suppose 19 = 4*a - 21. Let o = 451 + -403. Calculate the remainder when o is divided by a.
8
Suppose -5*m = -9 - 16. Suppose 0 = 3*v - 2*b + 14, 4*v + m*b = v - 7. Let o = v - -12. Calculate the remainder when 22 is divided by o.
6
Let j = -5 + 59. What is the remainder when j is divided by 14?
12
Suppose -2*f + 30 = 2*d, 0 = -f + 2*d + 3*d + 15. Let j(a) = a + 12. Let l be j(-10). Let r = l - -26. What is the remainder when r is divided by f?
13
Suppose 2*f = -g - 2*g + 21, -3*g + 18 = f. What is the remainder when 7 is divided by f?
1
Let l = -163 + 195. What is the remainder when ((-47)/(-3))/(2/12) is divided by l?
30
Let y = -5 + 2. Let w = 2 - 3. Calculate the remainder when 8 is divided by y - w - (2 - 7).
2
Let b(v) = 2*v**3 - 5*v**2 + 3*v - 3. Let o(q) = -4*q - 1. Let f be o(-1). Calculate the remainder when 42 is divided by b(f).
12
Suppose 0 = -8*u + 11*u - 30. Let a(j) = -j**3 - 7*j**2 - 2. Let k be a(-7). Calculate the remainder when (k/(-2))/(1/29) is divided by u.
9
Suppose -4*r + 47 = -2*r - 5*m,